{"id":325,"date":"2024-09-24T10:30:25","date_gmt":"2024-09-24T08:30:25","guid":{"rendered":"https:\/\/www.charlottereine.fr\/?page_id=325"},"modified":"2026-02-03T14:19:59","modified_gmt":"2026-02-03T13:19:59","slug":"a-latelier","status":"publish","type":"page","link":"https:\/\/www.charlottereine.fr\/index.php\/a-latelier\/","title":{"rendered":"\u00e0 l&rsquo;atelier"},"content":{"rendered":"\t\t<div data-elementor-type=\"wp-page\" data-elementor-id=\"325\" class=\"elementor elementor-325\">\n\t\t\t\t<div class=\"elementor-element elementor-element-35b9272 e-flex e-con-boxed wpr-particle-no wpr-jarallax-no wpr-parallax-no wpr-sticky-section-no wpr-equal-height-no e-con e-parent\" data-id=\"35b9272\" data-element_type=\"container\" data-e-type=\"container\" data-settings=\"{&quot;background_background&quot;:&quot;classic&quot;}\">\n\t\t\t\t\t<div class=\"e-con-inner\">\n\t\t\t\t<div class=\"elementor-element elementor-element-593b8a9 elementor-widget elementor-widget-spacer\" data-id=\"593b8a9\" data-element_type=\"widget\" data-e-type=\"widget\" data-widget_type=\"spacer.default\">\n\t\t\t\t<div class=\"elementor-widget-container\">\n\t\t\t\t\t\t\t<div class=\"elementor-spacer\">\n\t\t\t<div class=\"elementor-spacer-inner\"><\/div>\n\t\t<\/div>\n\t\t\t\t\t\t<\/div>\n\t\t\t\t<\/div>\n\t\t\t\t\t<\/div>\n\t\t\t\t<\/div>\n\t\t<div class=\"elementor-element elementor-element-ccf2584 e-flex e-con-boxed wpr-particle-no wpr-jarallax-no wpr-parallax-no wpr-sticky-section-no wpr-equal-height-no e-con e-parent\" data-id=\"ccf2584\" data-element_type=\"container\" data-e-type=\"container\" data-settings=\"{&quot;background_background&quot;:&quot;classic&quot;}\">\n\t\t\t\t\t<div class=\"e-con-inner\">\n\t\t\t\t<div class=\"elementor-element elementor-element-300fff7 elementor-widget elementor-widget-spacer\" data-id=\"300fff7\" data-element_type=\"widget\" data-e-type=\"widget\" data-widget_type=\"spacer.default\">\n\t\t\t\t<div class=\"elementor-widget-container\">\n\t\t\t\t\t\t\t<div class=\"elementor-spacer\">\n\t\t\t<div class=\"elementor-spacer-inner\"><\/div>\n\t\t<\/div>\n\t\t\t\t\t\t<\/div>\n\t\t\t\t<\/div>\n\t\t\t\t\t<\/div>\n\t\t\t\t<\/div>\n\t\t<div class=\"elementor-element elementor-element-e685e88 e-flex e-con-boxed wpr-particle-no wpr-jarallax-no wpr-parallax-no wpr-sticky-section-no wpr-equal-height-no e-con e-parent\" data-id=\"e685e88\" data-element_type=\"container\" data-e-type=\"container\" data-settings=\"{&quot;background_background&quot;:&quot;classic&quot;}\">\n\t\t\t\t\t<div class=\"e-con-inner\">\n\t\t\t\t<div class=\"elementor-element elementor-element-397dbef elementor-widget elementor-widget-heading\" data-id=\"397dbef\" data-element_type=\"widget\" data-e-type=\"widget\" data-widget_type=\"heading.default\">\n\t\t\t\t<div class=\"elementor-widget-container\">\n\t\t\t\t\t<h2 class=\"elementor-heading-title elementor-size-default\">\u00e0 l'atelier<\/h2>\t\t\t\t<\/div>\n\t\t\t\t<\/div>\n\t\t\t\t\t<\/div>\n\t\t\t\t<\/div>\n\t\t<div class=\"elementor-element elementor-element-d1001f5 e-flex e-con-boxed wpr-particle-no wpr-jarallax-no wpr-parallax-no wpr-sticky-section-no wpr-equal-height-no e-con e-parent\" data-id=\"d1001f5\" data-element_type=\"container\" data-e-type=\"container\">\n\t\t\t\t\t<div class=\"e-con-inner\">\n\t\t<div class=\"elementor-element elementor-element-e88855c e-con-full e-flex wpr-particle-no wpr-jarallax-no wpr-parallax-no wpr-sticky-section-no wpr-equal-height-no e-con e-child\" data-id=\"e88855c\" data-element_type=\"container\" data-e-type=\"container\">\n\t\t\t\t<\/div>\n\t\t<div class=\"elementor-element elementor-element-ac4646d e-con-full e-flex wpr-particle-no wpr-jarallax-no wpr-parallax-no wpr-sticky-section-no wpr-equal-height-no e-con e-child\" data-id=\"ac4646d\" data-element_type=\"container\" data-e-type=\"container\">\n\t\t\t\t<div class=\"elementor-element elementor-element-d7bdcb5 elementor-widget elementor-widget-text-editor\" data-id=\"d7bdcb5\" data-element_type=\"widget\" data-e-type=\"widget\" data-widget_type=\"text-editor.default\">\n\t\t\t\t<div class=\"elementor-widget-container\">\n\t\t\t\t\t\t\t\t\t<p><strong>un peu de technique<\/strong><\/p>\t\t\t\t\t\t\t\t<\/div>\n\t\t\t\t<\/div>\n\t\t\t\t<div class=\"elementor-element elementor-element-476db7f elementor-widget elementor-widget-text-editor\" data-id=\"476db7f\" data-element_type=\"widget\" data-e-type=\"widget\" data-widget_type=\"text-editor.default\">\n\t\t\t\t<div class=\"elementor-widget-container\">\n\t\t\t\t\t\t\t\t\t<p class=\"p1\"><em>L&rsquo;atelier, c&rsquo;est important, on y r\u00eave, on y travaille, on s&rsquo;y amuse, on y apprend aux autres parfois, \u00e0 soi-m\u00eame le plus souvent.<br \/><\/em><br \/>A l\u2019origine c\u2019est souvent un dessin trac\u00e9 avec une pointe fine sur un vernis pass\u00e9 au pinceau sur une plaque de cuivre. Celle-ci est ensuite plong\u00e9e dans un bain d\u2019acide nitrique ou de perchlorate de fer le temps d\u2019obtenir le motif en creux. Mais les techniques de la gravure sont nombreuses et peuvent se combiner pour obtenir une tr\u00e8s grande richesse de mati\u00e8res : vernis mou, aquateinte, sucre, vernis \u00e0 l\u2019alcool, crayon litho, empreinte, d\u00e9coupage, tout est est bon pour obtenir l\u2019effet d\u00e9sir\u00e9 et parfois aussi la surprise.<\/p><p class=\"p1\">La gravure n\u2019est pas une technique de reproduction m\u00eame si elle le permet bien s\u00fbr mais une forme d\u2019expression \u00e0 part enti\u00e8re.<\/p>\t\t\t\t\t\t\t\t<\/div>\n\t\t\t\t<\/div>\n\t\t\t\t<\/div>\n\t\t<div class=\"elementor-element elementor-element-7e5a80a e-con-full e-flex wpr-particle-no wpr-jarallax-no wpr-parallax-no wpr-sticky-section-no wpr-equal-height-no e-con e-child\" data-id=\"7e5a80a\" data-element_type=\"container\" data-e-type=\"container\">\n\t\t\t\t<\/div>\n\t\t\t\t\t<\/div>\n\t\t\t\t<\/div>\n\t\t<div class=\"elementor-element elementor-element-4227198 e-flex e-con-boxed wpr-particle-no wpr-jarallax-no wpr-parallax-no wpr-sticky-section-no wpr-equal-height-no e-con e-parent\" data-id=\"4227198\" data-element_type=\"container\" data-e-type=\"container\">\n\t\t\t\t\t<div class=\"e-con-inner\">\n\t\t\t\t<div class=\"elementor-element elementor-element-e5f133b gallery-spacing-custom elementor-widget elementor-widget-image-gallery\" data-id=\"e5f133b\" data-element_type=\"widget\" data-e-type=\"widget\" data-widget_type=\"image-gallery.default\">\n\t\t\t\t<div class=\"elementor-widget-container\">\n\t\t\t\t\t\t\t<div class=\"elementor-image-gallery\">\n\t\t\t<div id='gallery-1' class='gallery galleryid-325 gallery-columns-4 gallery-size-medium'><figure class='gallery-item'>\n\t\t\t<div class='gallery-icon landscape'>\n\t\t\t\t<a  href='https:\/\/www.charlottereine.fr\/wp-content\/uploads\/2024\/10\/1.jpg'><img fetchpriority=\"high\" decoding=\"async\" width=\"300\" height=\"300\" src=\"https:\/\/www.charlottereine.fr\/wp-content\/uploads\/2024\/10\/1-300x300.jpg\" class=\"attachment-medium size-medium\" alt=\"\" srcset=\"https:\/\/www.charlottereine.fr\/wp-content\/uploads\/2024\/10\/1-300x300.jpg 300w, https:\/\/www.charlottereine.fr\/wp-content\/uploads\/2024\/10\/1-150x150.jpg 150w, https:\/\/www.charlottereine.fr\/wp-content\/uploads\/2024\/10\/1.jpg 500w\" sizes=\"(max-width: 300px) 100vw, 300px\" \/><\/a>\n\t\t\t<\/div><\/figure><figure class='gallery-item'>\n\t\t\t<div class='gallery-icon portrait'>\n\t\t\t\t<a  href='https:\/\/www.charlottereine.fr\/wp-content\/uploads\/2024\/10\/3.jpg'><img decoding=\"async\" width=\"225\" height=\"300\" src=\"https:\/\/www.charlottereine.fr\/wp-content\/uploads\/2024\/10\/3-225x300.jpg\" class=\"attachment-medium size-medium\" alt=\"\" srcset=\"https:\/\/www.charlottereine.fr\/wp-content\/uploads\/2024\/10\/3-225x300.jpg 225w, https:\/\/www.charlottereine.fr\/wp-content\/uploads\/2024\/10\/3.jpg 500w\" sizes=\"(max-width: 225px) 100vw, 225px\" \/><\/a>\n\t\t\t<\/div><\/figure><figure class='gallery-item'>\n\t\t\t<div class='gallery-icon portrait'>\n\t\t\t\t<a  href='https:\/\/www.charlottereine.fr\/wp-content\/uploads\/2024\/10\/4.jpg'><img decoding=\"async\" width=\"169\" height=\"300\" src=\"https:\/\/www.charlottereine.fr\/wp-content\/uploads\/2024\/10\/4-169x300.jpg\" class=\"attachment-medium size-medium\" alt=\"\" srcset=\"https:\/\/www.charlottereine.fr\/wp-content\/uploads\/2024\/10\/4-169x300.jpg 169w, https:\/\/www.charlottereine.fr\/wp-content\/uploads\/2024\/10\/4.jpg 500w\" sizes=\"(max-width: 169px) 100vw, 169px\" \/><\/a>\n\t\t\t<\/div><\/figure><figure class='gallery-item'>\n\t\t\t<div class='gallery-icon landscape'>\n\t\t\t\t<a  href='https:\/\/www.charlottereine.fr\/wp-content\/uploads\/2024\/10\/2.jpg'><img loading=\"lazy\" decoding=\"async\" width=\"300\" height=\"300\" src=\"https:\/\/www.charlottereine.fr\/wp-content\/uploads\/2024\/10\/2-300x300.jpg\" class=\"attachment-medium size-medium\" alt=\"\" srcset=\"https:\/\/www.charlottereine.fr\/wp-content\/uploads\/2024\/10\/2-300x300.jpg 300w, https:\/\/www.charlottereine.fr\/wp-content\/uploads\/2024\/10\/2-150x150.jpg 150w, https:\/\/www.charlottereine.fr\/wp-content\/uploads\/2024\/10\/2.jpg 500w\" sizes=\"(max-width: 300px) 100vw, 300px\" \/><\/a>\n\t\t\t<\/div><\/figure>\n\t\t<\/div>\n\t\t<\/div>\n\t\t\t\t\t\t<\/div>\n\t\t\t\t<\/div>\n\t\t\t\t\t<\/div>\n\t\t\t\t<\/div>\n\t\t<div class=\"elementor-element elementor-element-9641429 e-flex e-con-boxed wpr-particle-no wpr-jarallax-no wpr-parallax-no wpr-sticky-section-no wpr-equal-height-no e-con e-parent\" data-id=\"9641429\" data-element_type=\"container\" data-e-type=\"container\">\n\t\t\t\t\t<div class=\"e-con-inner\">\n\t\t<div class=\"elementor-element elementor-element-5188348 e-con-full e-flex wpr-particle-no wpr-jarallax-no wpr-parallax-no wpr-sticky-section-no wpr-equal-height-no e-con e-child\" data-id=\"5188348\" data-element_type=\"container\" data-e-type=\"container\">\n\t\t\t\t<\/div>\n\t\t<div class=\"elementor-element elementor-element-3f7119f e-con-full e-flex wpr-particle-no wpr-jarallax-no wpr-parallax-no wpr-sticky-section-no wpr-equal-height-no e-con e-child\" data-id=\"3f7119f\" data-element_type=\"container\" data-e-type=\"container\">\n\t\t\t\t<div class=\"elementor-element elementor-element-b05a195 elementor-widget elementor-widget-text-editor\" data-id=\"b05a195\" data-element_type=\"widget\" data-e-type=\"widget\" data-widget_type=\"text-editor.default\">\n\t\t\t\t<div class=\"elementor-widget-container\">\n\t\t\t\t\t\t\t\t\t<p class=\"p1\">L\u2019encrage en diff\u00e9rentes couleurs et l\u2019essuyage demande un soin particulier et doit \u00eatre renouvel\u00e9 \u00e0 chaque \u00e9preuve. L\u2019impression sur la presse taille douce est un moment d\u00e9terminant de la r\u00e9alisation d\u2019une gravure.<\/p>\t\t\t\t\t\t\t\t<\/div>\n\t\t\t\t<\/div>\n\t\t\t\t<\/div>\n\t\t<div class=\"elementor-element elementor-element-5dddc79 e-con-full e-flex wpr-particle-no wpr-jarallax-no wpr-parallax-no wpr-sticky-section-no wpr-equal-height-no e-con e-child\" data-id=\"5dddc79\" data-element_type=\"container\" data-e-type=\"container\">\n\t\t\t\t<\/div>\n\t\t\t\t\t<\/div>\n\t\t\t\t<\/div>\n\t\t<div class=\"elementor-element elementor-element-8bd42eb e-flex e-con-boxed wpr-particle-no wpr-jarallax-no wpr-parallax-no wpr-sticky-section-no wpr-equal-height-no e-con e-parent\" data-id=\"8bd42eb\" data-element_type=\"container\" data-e-type=\"container\">\n\t\t\t\t\t<div class=\"e-con-inner\">\n\t\t\t\t<div class=\"elementor-element elementor-element-40192a3 gallery-spacing-custom elementor-widget elementor-widget-image-gallery\" data-id=\"40192a3\" data-element_type=\"widget\" data-e-type=\"widget\" data-widget_type=\"image-gallery.default\">\n\t\t\t\t<div class=\"elementor-widget-container\">\n\t\t\t\t\t\t\t<div class=\"elementor-image-gallery\">\n\t\t\t<div id='gallery-2' class='gallery galleryid-325 gallery-columns-4 gallery-size-medium'><figure class='gallery-item'>\n\t\t\t<div class='gallery-icon portrait'>\n\t\t\t\t<a  href='https:\/\/www.charlottereine.fr\/wp-content\/uploads\/2024\/10\/Capture-decran-2024-10-08-a-15.11.55.jpg'><img loading=\"lazy\" decoding=\"async\" width=\"289\" height=\"300\" src=\"https:\/\/www.charlottereine.fr\/wp-content\/uploads\/2024\/10\/Capture-decran-2024-10-08-a-15.11.55-289x300.jpg\" class=\"attachment-medium size-medium\" alt=\"\" srcset=\"https:\/\/www.charlottereine.fr\/wp-content\/uploads\/2024\/10\/Capture-decran-2024-10-08-a-15.11.55-289x300.jpg 289w, https:\/\/www.charlottereine.fr\/wp-content\/uploads\/2024\/10\/Capture-decran-2024-10-08-a-15.11.55.jpg 500w\" sizes=\"(max-width: 289px) 100vw, 289px\" \/><\/a>\n\t\t\t<\/div><\/figure><figure class='gallery-item'>\n\t\t\t<div class='gallery-icon portrait'>\n\t\t\t\t<a  href='https:\/\/www.charlottereine.fr\/wp-content\/uploads\/2024\/10\/IMG_1149-2.jpg'><img loading=\"lazy\" decoding=\"async\" width=\"225\" height=\"300\" src=\"https:\/\/www.charlottereine.fr\/wp-content\/uploads\/2024\/10\/IMG_1149-2-225x300.jpg\" class=\"attachment-medium size-medium\" alt=\"\" srcset=\"https:\/\/www.charlottereine.fr\/wp-content\/uploads\/2024\/10\/IMG_1149-2-225x300.jpg 225w, https:\/\/www.charlottereine.fr\/wp-content\/uploads\/2024\/10\/IMG_1149-2.jpg 500w\" sizes=\"(max-width: 225px) 100vw, 225px\" \/><\/a>\n\t\t\t<\/div><\/figure><figure class='gallery-item'>\n\t\t\t<div class='gallery-icon portrait'>\n\t\t\t\t<a  href='https:\/\/www.charlottereine.fr\/wp-content\/uploads\/2024\/10\/8F8C1022-A41C-4535-9149-6EC078B79D3B-3.jpg'><img loading=\"lazy\" decoding=\"async\" width=\"240\" height=\"300\" src=\"https:\/\/www.charlottereine.fr\/wp-content\/uploads\/2024\/10\/8F8C1022-A41C-4535-9149-6EC078B79D3B-3-240x300.jpg\" class=\"attachment-medium size-medium\" alt=\"\" srcset=\"https:\/\/www.charlottereine.fr\/wp-content\/uploads\/2024\/10\/8F8C1022-A41C-4535-9149-6EC078B79D3B-3-240x300.jpg 240w, https:\/\/www.charlottereine.fr\/wp-content\/uploads\/2024\/10\/8F8C1022-A41C-4535-9149-6EC078B79D3B-3.jpg 500w\" sizes=\"(max-width: 240px) 100vw, 240px\" \/><\/a>\n\t\t\t<\/div><\/figure><figure class='gallery-item'>\n\t\t\t<div class='gallery-icon landscape'>\n\t\t\t\t<a  href='https:\/\/www.charlottereine.fr\/wp-content\/uploads\/2024\/10\/6E4260AF-A717-4D52-A60E-14D8C4F7D3D2.jpg'><img loading=\"lazy\" decoding=\"async\" width=\"300\" height=\"300\" src=\"https:\/\/www.charlottereine.fr\/wp-content\/uploads\/2024\/10\/6E4260AF-A717-4D52-A60E-14D8C4F7D3D2-300x300.jpg\" class=\"attachment-medium size-medium\" alt=\"\" srcset=\"https:\/\/www.charlottereine.fr\/wp-content\/uploads\/2024\/10\/6E4260AF-A717-4D52-A60E-14D8C4F7D3D2-300x300.jpg 300w, https:\/\/www.charlottereine.fr\/wp-content\/uploads\/2024\/10\/6E4260AF-A717-4D52-A60E-14D8C4F7D3D2-150x150.jpg 150w, https:\/\/www.charlottereine.fr\/wp-content\/uploads\/2024\/10\/6E4260AF-A717-4D52-A60E-14D8C4F7D3D2.jpg 500w\" sizes=\"(max-width: 300px) 100vw, 300px\" \/><\/a>\n\t\t\t<\/div><\/figure><figure class='gallery-item'>\n\t\t\t<div class='gallery-icon portrait'>\n\t\t\t\t<a  href='https:\/\/www.charlottereine.fr\/wp-content\/uploads\/2024\/10\/Capture-decran-2024-10-17-a-17.16.27.jpg'><img loading=\"lazy\" decoding=\"async\" width=\"198\" height=\"300\" src=\"https:\/\/www.charlottereine.fr\/wp-content\/uploads\/2024\/10\/Capture-decran-2024-10-17-a-17.16.27-198x300.jpg\" class=\"attachment-medium size-medium\" alt=\"\" srcset=\"https:\/\/www.charlottereine.fr\/wp-content\/uploads\/2024\/10\/Capture-decran-2024-10-17-a-17.16.27-198x300.jpg 198w, https:\/\/www.charlottereine.fr\/wp-content\/uploads\/2024\/10\/Capture-decran-2024-10-17-a-17.16.27.jpg 500w\" sizes=\"(max-width: 198px) 100vw, 198px\" \/><\/a>\n\t\t\t<\/div><\/figure><figure class='gallery-item'>\n\t\t\t<div class='gallery-icon landscape'>\n\t\t\t\t<a  href='https:\/\/www.charlottereine.fr\/wp-content\/uploads\/2024\/10\/IMG_1060-2.jpg'><img loading=\"lazy\" decoding=\"async\" width=\"300\" height=\"300\" src=\"https:\/\/www.charlottereine.fr\/wp-content\/uploads\/2024\/10\/IMG_1060-2-300x300.jpg\" class=\"attachment-medium size-medium\" alt=\"\" srcset=\"https:\/\/www.charlottereine.fr\/wp-content\/uploads\/2024\/10\/IMG_1060-2-300x300.jpg 300w, https:\/\/www.charlottereine.fr\/wp-content\/uploads\/2024\/10\/IMG_1060-2-150x150.jpg 150w, https:\/\/www.charlottereine.fr\/wp-content\/uploads\/2024\/10\/IMG_1060-2.jpg 500w\" sizes=\"(max-width: 300px) 100vw, 300px\" \/><\/a>\n\t\t\t<\/div><\/figure><figure class='gallery-item'>\n\t\t\t<div class='gallery-icon landscape'>\n\t\t\t\t<a  href='https:\/\/www.charlottereine.fr\/wp-content\/uploads\/2024\/10\/IMG_2761.jpg'><img loading=\"lazy\" decoding=\"async\" width=\"300\" height=\"225\" src=\"https:\/\/www.charlottereine.fr\/wp-content\/uploads\/2024\/10\/IMG_2761-300x225.jpg\" class=\"attachment-medium size-medium\" alt=\"\" srcset=\"https:\/\/www.charlottereine.fr\/wp-content\/uploads\/2024\/10\/IMG_2761-300x225.jpg 300w, https:\/\/www.charlottereine.fr\/wp-content\/uploads\/2024\/10\/IMG_2761.jpg 500w\" sizes=\"(max-width: 300px) 100vw, 300px\" \/><\/a>\n\t\t\t<\/div><\/figure><figure class='gallery-item'>\n\t\t\t<div class='gallery-icon portrait'>\n\t\t\t\t<a  href='https:\/\/www.charlottereine.fr\/wp-content\/uploads\/2024\/10\/IMG_2766.jpg'><img loading=\"lazy\" decoding=\"async\" width=\"225\" height=\"300\" src=\"https:\/\/www.charlottereine.fr\/wp-content\/uploads\/2024\/10\/IMG_2766-225x300.jpg\" class=\"attachment-medium size-medium\" alt=\"\" srcset=\"https:\/\/www.charlottereine.fr\/wp-content\/uploads\/2024\/10\/IMG_2766-225x300.jpg 225w, https:\/\/www.charlottereine.fr\/wp-content\/uploads\/2024\/10\/IMG_2766.jpg 500w\" sizes=\"(max-width: 225px) 100vw, 225px\" \/><\/a>\n\t\t\t<\/div><\/figure>\n\t\t<\/div>\n\t\t<\/div>\n\t\t\t\t\t\t<\/div>\n\t\t\t\t<\/div>\n\t\t\t\t\t<\/div>\n\t\t\t\t<\/div>\n\t\t<div class=\"elementor-element elementor-element-8acf3af e-flex e-con-boxed wpr-particle-no wpr-jarallax-no wpr-parallax-no wpr-sticky-section-no wpr-equal-height-no e-con e-parent\" data-id=\"8acf3af\" data-element_type=\"container\" data-e-type=\"container\">\n\t\t\t\t\t<div class=\"e-con-inner\">\n\t\t<div class=\"elementor-element elementor-element-e83379e e-con-full e-flex wpr-particle-no wpr-jarallax-no wpr-parallax-no wpr-sticky-section-no wpr-equal-height-no e-con e-child\" data-id=\"e83379e\" data-element_type=\"container\" data-e-type=\"container\">\n\t\t\t\t<\/div>\n\t\t<div class=\"elementor-element elementor-element-c2d1a14 e-con-full e-flex wpr-particle-no wpr-jarallax-no wpr-parallax-no wpr-sticky-section-no wpr-equal-height-no e-con e-child\" data-id=\"c2d1a14\" data-element_type=\"container\" data-e-type=\"container\">\n\t\t\t\t<div class=\"elementor-element elementor-element-ef08c98 elementor-widget elementor-widget-text-editor\" data-id=\"ef08c98\" data-element_type=\"widget\" data-e-type=\"widget\" data-widget_type=\"text-editor.default\">\n\t\t\t\t<div class=\"elementor-widget-container\">\n\t\t\t\t\t\t\t\t\t<p><strong>stage de gravure \u00e0 l&rsquo;atelier<\/strong><\/p>\t\t\t\t\t\t\t\t<\/div>\n\t\t\t\t<\/div>\n\t\t\t\t<div class=\"elementor-element elementor-element-ce5ac58 elementor-widget elementor-widget-text-editor\" data-id=\"ce5ac58\" data-element_type=\"widget\" data-e-type=\"widget\" data-widget_type=\"text-editor.default\">\n\t\t\t\t<div class=\"elementor-widget-container\">\n\t\t\t\t\t\t\t\t\t<div><strong>STAGES 2026\u00a0<\/strong><\/div><div>3 jours pour se retrouver autour de la gravure \u00e0 l\u2019eau forte, avancer les projets, s\u2019initier \u00e0 la couleur, \u00e9largir ses horizons.<\/div><div><ul><li>27, 28, 29 mars\u00a0<\/li><li>17, 18, 19\u00a0avril\u00a0<\/li><li>12, 13, 14 juin\u00a0<\/li><\/ul><\/div>\t\t\t\t\t\t\t\t<\/div>\n\t\t\t\t<\/div>\n\t\t\t\t<div class=\"elementor-element elementor-element-e05fa43 elementor-widget elementor-widget-text-editor\" data-id=\"e05fa43\" data-element_type=\"widget\" data-e-type=\"widget\" data-widget_type=\"text-editor.default\">\n\t\t\t\t<div class=\"elementor-widget-container\">\n\t\t\t\t\t\t\t\t\t<ul><li>Tarif :<br \/>270\u20ac pour 3 jours<br \/>&gt; mat\u00e9riel compris (cuivre, encres, papier etc.) <br \/>&gt; H\u00e9bergement sur place ou \u00e0 proximit\u00e9 possible\u00a0<br \/><p>Lieu : 812 chemin de Mistoury, La Tour Blanche 24320<br \/>Horaires : 10h-13h \/ 14h-17h<\/p><\/li><\/ul>\t\t\t\t\t\t\t\t<\/div>\n\t\t\t\t<\/div>\n\t\t\t\t<div class=\"elementor-element elementor-element-e958e95 elementor-widget elementor-widget-text-editor\" data-id=\"e958e95\" data-element_type=\"widget\" data-e-type=\"widget\" data-widget_type=\"text-editor.default\">\n\t\t\t\t<div class=\"elementor-widget-container\">\n\t\t\t\t\t\t\t\t\t<p>Stage sur mesure \u00e0 la demande.<\/p>\t\t\t\t\t\t\t\t<\/div>\n\t\t\t\t<\/div>\n\t\t\t\t<\/div>\n\t\t<div class=\"elementor-element elementor-element-046eaae e-con-full e-flex wpr-particle-no wpr-jarallax-no wpr-parallax-no wpr-sticky-section-no wpr-equal-height-no e-con e-child\" data-id=\"046eaae\" data-element_type=\"container\" data-e-type=\"container\">\n\t\t\t\t<\/div>\n\t\t\t\t\t<\/div>\n\t\t\t\t<\/div>\n\t\t<div class=\"elementor-element elementor-element-49f96ac e-flex e-con-boxed wpr-particle-no wpr-jarallax-no wpr-parallax-no wpr-sticky-section-no wpr-equal-height-no e-con e-parent\" data-id=\"49f96ac\" data-element_type=\"container\" data-e-type=\"container\">\n\t\t\t\t\t<div class=\"e-con-inner\">\n\t\t\t\t<div class=\"elementor-element elementor-element-71c3183 gallery-spacing-custom elementor-widget elementor-widget-image-gallery\" data-id=\"71c3183\" data-element_type=\"widget\" data-e-type=\"widget\" data-widget_type=\"image-gallery.default\">\n\t\t\t\t<div class=\"elementor-widget-container\">\n\t\t\t\t\t\t\t<div class=\"elementor-image-gallery\">\n\t\t\t<div id='gallery-3' class='gallery galleryid-325 gallery-columns-2 gallery-size-full'><figure class='gallery-item'>\n\t\t\t<div class='gallery-icon portrait'>\n\t\t\t\t<a  href='https:\/\/www.charlottereine.fr\/wp-content\/uploads\/2024\/10\/213d93fa-7ba6-461c-894a-2e009503ae63.jpg'><img loading=\"lazy\" decoding=\"async\" width=\"500\" height=\"667\" src=\"https:\/\/www.charlottereine.fr\/wp-content\/uploads\/2024\/10\/213d93fa-7ba6-461c-894a-2e009503ae63.jpg\" class=\"attachment-full size-full\" alt=\"\" srcset=\"https:\/\/www.charlottereine.fr\/wp-content\/uploads\/2024\/10\/213d93fa-7ba6-461c-894a-2e009503ae63.jpg 500w, https:\/\/www.charlottereine.fr\/wp-content\/uploads\/2024\/10\/213d93fa-7ba6-461c-894a-2e009503ae63-225x300.jpg 225w\" sizes=\"(max-width: 500px) 100vw, 500px\" \/><\/a>\n\t\t\t<\/div><\/figure><figure class='gallery-item'>\n\t\t\t<div class='gallery-icon portrait'>\n\t\t\t\t<a  href='https:\/\/www.charlottereine.fr\/wp-content\/uploads\/2024\/10\/fdc46436-8fff-4714-96d2-261c1c8283be.jpg'><img loading=\"lazy\" decoding=\"async\" width=\"500\" height=\"522\" src=\"https:\/\/www.charlottereine.fr\/wp-content\/uploads\/2024\/10\/fdc46436-8fff-4714-96d2-261c1c8283be.jpg\" class=\"attachment-full size-full\" alt=\"\" srcset=\"https:\/\/www.charlottereine.fr\/wp-content\/uploads\/2024\/10\/fdc46436-8fff-4714-96d2-261c1c8283be.jpg 500w, https:\/\/www.charlottereine.fr\/wp-content\/uploads\/2024\/10\/fdc46436-8fff-4714-96d2-261c1c8283be-287x300.jpg 287w\" sizes=\"(max-width: 500px) 100vw, 500px\" \/><\/a>\n\t\t\t<\/div><\/figure><figure class='gallery-item'>\n\t\t\t<div class='gallery-icon portrait'>\n\t\t\t\t<a  href='https:\/\/www.charlottereine.fr\/wp-content\/uploads\/2024\/10\/IMG_5620-2.jpg'><img loading=\"lazy\" decoding=\"async\" width=\"500\" height=\"667\" src=\"https:\/\/www.charlottereine.fr\/wp-content\/uploads\/2024\/10\/IMG_5620-2.jpg\" class=\"attachment-full size-full\" alt=\"\" srcset=\"https:\/\/www.charlottereine.fr\/wp-content\/uploads\/2024\/10\/IMG_5620-2.jpg 500w, https:\/\/www.charlottereine.fr\/wp-content\/uploads\/2024\/10\/IMG_5620-2-225x300.jpg 225w\" sizes=\"(max-width: 500px) 100vw, 500px\" \/><\/a>\n\t\t\t<\/div><\/figure><figure class='gallery-item'>\n\t\t\t<div class='gallery-icon portrait'>\n\t\t\t\t<a  href='https:\/\/www.charlottereine.fr\/wp-content\/uploads\/2024\/10\/IMG_7272.jpg'><img loading=\"lazy\" decoding=\"async\" width=\"500\" height=\"667\" src=\"https:\/\/www.charlottereine.fr\/wp-content\/uploads\/2024\/10\/IMG_7272.jpg\" class=\"attachment-full size-full\" alt=\"\" srcset=\"https:\/\/www.charlottereine.fr\/wp-content\/uploads\/2024\/10\/IMG_7272.jpg 500w, https:\/\/www.charlottereine.fr\/wp-content\/uploads\/2024\/10\/IMG_7272-225x300.jpg 225w\" sizes=\"(max-width: 500px) 100vw, 500px\" \/><\/a>\n\t\t\t<\/div><\/figure>\n\t\t<\/div>\n\t\t<\/div>\n\t\t\t\t\t\t<\/div>\n\t\t\t\t<\/div>\n\t\t\t\t\t<\/div>\n\t\t\t\t<\/div>\n\t\t\t\t<\/div>\n\t\t","protected":false},"excerpt":{"rendered":"<p>\u00e0 l&rsquo;atelier un peu de technique L&rsquo;atelier, c&rsquo;est important, on y r\u00eave, on y travaille, on s&rsquo;y amuse, on y apprend aux autres parfois, \u00e0 soi-m\u00eame le plus souvent.A l\u2019origine c\u2019est souvent un dessin trac\u00e9 avec une pointe fine sur un vernis pass\u00e9 au pinceau sur une plaque de cuivre. Celle-ci est ensuite plong\u00e9e dans un bain d\u2019acide nitrique ou de perchlorate de fer le temps d\u2019obtenir le motif en creux. Mais les techniques de la gravure sont nombreuses et peuvent se combiner pour obtenir une tr\u00e8s grande richesse de mati\u00e8res : vernis mou, aquateinte, sucre, vernis \u00e0 l\u2019alcool, crayon litho, empreinte, d\u00e9coupage, tout est est bon pour obtenir l\u2019effet d\u00e9sir\u00e9 et parfois aussi la surprise. La gravure n\u2019est pas une technique de reproduction m\u00eame si elle le permet bien s\u00fbr mais une forme d\u2019expression \u00e0 part enti\u00e8re. L\u2019encrage en diff\u00e9rentes couleurs et l\u2019essuyage demande un soin particulier et doit&hellip;<\/p>\n<p> <a class=\"more-link\" href=\"https:\/\/www.charlottereine.fr\/index.php\/a-latelier\/\">Lire la suite<\/a><\/p>\n","protected":false},"author":1,"featured_media":0,"parent":0,"menu_order":0,"comment_status":"closed","ping_status":"closed","template":"elementor_header_footer","meta":{"footnotes":""},"class_list":["post-325","page","type-page","status-publish"],"_links":{"self":[{"href":"https:\/\/www.charlottereine.fr\/index.php\/wp-json\/wp\/v2\/pages\/325","targetHints":{"allow":["GET"]}}],"collection":[{"href":"https:\/\/www.charlottereine.fr\/index.php\/wp-json\/wp\/v2\/pages"}],"about":[{"href":"https:\/\/www.charlottereine.fr\/index.php\/wp-json\/wp\/v2\/types\/page"}],"author":[{"embeddable":true,"href":"https:\/\/www.charlottereine.fr\/index.php\/wp-json\/wp\/v2\/users\/1"}],"replies":[{"embeddable":true,"href":"https:\/\/www.charlottereine.fr\/index.php\/wp-json\/wp\/v2\/comments?post=325"}],"version-history":[{"count":76,"href":"https:\/\/www.charlottereine.fr\/index.php\/wp-json\/wp\/v2\/pages\/325\/revisions"}],"predecessor-version":[{"id":1526,"href":"https:\/\/www.charlottereine.fr\/index.php\/wp-json\/wp\/v2\/pages\/325\/revisions\/1526"}],"wp:attachment":[{"href":"https:\/\/www.charlottereine.fr\/index.php\/wp-json\/wp\/v2\/media?parent=325"}],"curies":[{"name":"wp","href":"https:\/\/api.w.org\/{rel}","templated":true}]}}